 - 756?
-768
In base 5, what is -1121 + -10?
-1131
In base 6, what is 115 - 1?
114
In base 7, what is -3 - -2355?
2352
In base 11, what is 3 - -578?
580
In base 8, what is 27 - -12?
41
In base 4, what is -2 - 2211?
-2213
In base 14, what is 22 + -5d?
-3b
In base 3, what is 0 + -2000120?
-2000120
In base 12, what is -aa + 30?
-7a
In base 13, what is 93 + -3?
90
In base 11, what is -17 + 72?
56
In base 12, what is b + ba?
109
In base 4, what is 10230 + -32?
10132
In base 5, what is -131 + -10?
-141
In base 16, what is 28 + -1?
27
In base 7, what is -31 + 10?
-21
In base 6, what is -2 - 353?
-355
In base 2, what is 10111 - 100?
10011
In base 14, what is a + b2?
bc
In base 11, what is 10 - -240?
250
In base 2, what is -1000 - 1100?
-10100
In base 3, what is 11 - 2022?
-2011
In base 6, what is 2 - -15?
21
In base 7, what is -4 - -3202?
3165
In base 6, what is -112 + 2013?
1501
In base 5, what is 0 + -12430?
-12430
In base 15, what is 269 - 9?
260
In base 10, what is 3 + -558?
-555
In base 14, what is -a9 + -4a?
-115
In base 16, what is -1 - 717?
-718
In base 16, what is -56 + -1?
-57
In base 6, what is 3245 - 5?
3240
In base 16, what is -12 + 29b?
289
In base 10, what is -1618 + 2?
-1616
In base 12, what is -8a + -4?
-92
In base 3, what is 211101 + -211?
210120
In base 9, what is -1 + -51?
-52
In base 7, what is -3130 + 1?
-3126
In base 3, what is -2 + 1110?
1101
In base 16, what is -2e - 6?
-34
In base 4, what is -11 - 12031?
-12102
In base 15, what is -6b + 0?
-6b
In base 9, what is -2 + -1228?
-1231
In base 13, what is -1 - -598?
597
In base 11, what is 65 - -68?
122
In base 12, what is -4 - -7a5?
7a1
In base 4, what is 110303 + -3?
110300
In base 12, what is -5 - 692?
-697
In base 5, what is -4 + 11131?
11122
In base 9, what is -17 + 6?
-11
In base 10, what is -2 - 2080?
-2082
In base 16, what is 25 + -7?
1e
In base 11, what is 1499 + 3?
14a1
In base 10, what is -4 + 248?
244
In base 4, what is -212 + -1?
-213
In base 12, what is -424 + 3?
-421
In base 7, what is 5 - -221?
226
In base 6, what is -12 + 3?
-5
In base 4, what is 11 - 30302?
-30231
In base 7, what is 2166 - 4?
2162
In base 10, what is -804 + -6?
-810
In base 7, what is 50 + 32?
112
In base 16, what is e + 45?
53
In base 8, what is 40 + 45?
105
In base 14, what is -23 - -1a?
-7
In base 2, what is 10000000 - -1?
10000001
In base 9, what is 4215 + 5?
4221
In base 7, what is 2 - -1025?
1030
In base 15, what is -4 + -46?
-4a
In base 7, what is 5161 + 3?
5164
In base 2, what is -1011001100 - -11?
-1011001001
In base 12, what is 996b + -4?
9967
In base 3, what is 11 - -2010?
2021
In base 15, what is 822 - -11?
833
In base 16, what is 21 + 3?
24
In base 14, what is -12 - -85?
73
In base 7, what is -3 + 223?
220
In base 15, what is 124 + -c?
117
In base 5, what is 22241 + 4?
22300
In base 5, what is 143 + -22?
121
In base 16, what is -14 - -8?
-c
In base 5, what is 111 + -110?
1
In base 11, what is -1 - -1875?
1874
In base 5, what is 12 - 1043?
-1031
In base 10, what is -1 - -61?
60
In base 5, what is -412 - 1?
-413
In base 3, what is -2 - -220112?
220110
In base 16, what is 5 - -1a?
1f
In base 11, what is 0 + -4?
-4
In base 6, what is -5 + 44?
35
In base 15, what is 5 + 14?
19
In base 15, what is -6 - 6c8?
-6ce
In base 2, what is 111001 + 101?
111110
In base 9, what is 5 + -24?
-18
In base 7, what is -1 + -2402?
-2403
In base 7, what is -121 + 421?
300
In base 8, what is 5 - 10?
-3
In base 12, what is b - 7?
4
In base 14, what is -980 - -1?
-97d
In base 11, what is -81 + -1?
-82
In base 8, what is -126 + -7?
-135
In base 12, what is 88 + 20?
a8
In base 12, what is 19 + -4?
15
In base 10, what is -31 - 3?
-34
In base 15, what is -2 - 4c?
-4e
In base 4, what is -2 - 101212?
-101220
In base 16, what is -2e - -28?
-6
In base 13, what is 3 - -144?
147
In base 10, what is -7 + 46?
39
In base 7, what is 30 - -316?
346
In base 8, what is -2 + -140?
-142
In base 10, what is 1 + 277?
278
In base 11, what is -1 + 55?
54
In base 2, what is -1100 - -1000011111?
1000010011
In base 6, what is 552 - -5?
1001
In base 15, what is 11 + -8d?
-7c
In base 8, what is 31 - -15?
46
In base 15, what is 3 - -33?
36
In base 11, what is 920 - -2?
922
In base 10, what is 19 + -295?
-276
In base 3, what is -110 - -112?
2
In base 4, what is 232 + -102?
130
In base 4, what is 1112023 - -3?
1112032
In base 13, what is 5 + -46?
-41
In base 15, what is -3c1 + -1?
-3c2
In base 4, what is 32010 - 11?
31333
In base 7, what is -4 - 21?
-25
In base 12, what is -117 - -2b?
-a8
In base 7, what is -5 - 20?
-25
In base 4, what is -22011 + -11?
-22022
In base 3, what is 0 + -121?
-121
In base 14, what is 6 - ba?
-b4
In base 7, what is 14 + -44?
-30
In base 4, what is -1300 + -3?
-1303
In base 10, what is -951 - 4?
-955
In base 2, what is -1110000 - -100101?
-1001011
In base 4, what is 101012 - 10?
101002
In base 5, what is 4 - -1122?
1131
In base 7, what is 321 - 11?
310
In base 6, what is 2102 - -35?
2141
In base 2, what is 101 + 100110110011?
100110111000
In base 10, what is 146 - -4?
150
In base 16, what is -1 + -716?
-717
In base 15, what is 2a + 5?
30
In base 5, what is -1314 - -20?
-1244
In base 9, what is 86 - 4?
82
In base 10, what is -2 + 62?
60
In base 15, what is -3 + -98?
-9b
In base 9, what is 212 - -4?
216
In base 15, what is -38e + 1?
-38d
In base 16, what is 3 + 4c?
4f
In base 9, what is -2 - 262?
-264
In base 8, what is 321 - 2?
317
In base 2, what is -10 + -1011000?
-1011010
In base 6, what is -44 - -140?
52
In base 3, what is 12 - -20121100?
20121112
In base 11, what is -6224 - -1?
-6223
In base 10, what is 22 + 44?
66
In base 6, what is -303 + 2?
-301
In base 14, what is 1 + -1258?
-1257
In base 12, what is 1 - -376?
377
In base 11, what is 37 + -1a?
18
In base 5, what is 2144 + 0?
2144
In base 16, what is -21e + 5?
-219
In base 14, what is -3 - 31?
-34
In base 12, what is -490 + -3?
-493
In base 3, what is 11 - 2112?
-2101
In base 2, what is 11 - -1100011?
1100110
In base 13, what is 8251 - -2?
8253
In base 12, what is -65 - -46?
-1b
In base 9, what is 10 + 70?
80
In base 2, what is -11011 - -100011?
1000
In base 8, what is 6123 + 3?
6126
In base 4, what is -3210 + 101?
-3103
In base 3, what is -21 + -200?
-221
In base 12, what is -1 - -27?
26
In base 13, what is 60 + -18?
45
In base 2, what is 1010001000110 - -100?
1010001001010
In base 6, what is -11 - -125?
114
In base 4, what is 2211 + -121?
2030
In base 10, what is 5 - -1689?
1694
In base 15, what is -3c - 3?
-40
In base 12, what is 19553 + 4?
19557
In base 2, what is -1000011100 - 10?
-1000011110
In base 2, what is 10101 + -10001101?
-1111000
In base 15, what is -12b - 3?
-12e
In base 12, what is 1 - 230b?
-230a
In base 14, what is 5 + 1?
6
In base 16, what is 314 - 3?
311
In base 8, what is -13215 + 4?
-13211
In base 12, what is -77a + 0?
-77a
In base 6, what is -104 + 11?
-53
In base 14, what is -31d - 0?
-31d
In base 7, what is -5 - 204?
-212
In base 6, what is -220 - -3?
-213
In base 10, what is 1224 + -2?
1222
In base 3, what is -10 + 1220?
1210
In base 12, what is 36 + -2?
34
In base 8, what is 631 + 5?
636
In base 15, what is -21c - -2?
-21a
In base 9, what is 3085 - -2?
3087
In base 5, what is 44 + 4?
103
In base 16, what is -43 - 2?
-45
In base 16, what is 2e1 - -5?
2e6
In base 9, what is -18 - 25?
-44
In base 9, what is -3 - 475?
-478
In base 10, what is -342 - 2?
-344
In base 12, what is -5b - -5?
-56
In base 15, what is 2 + 33?
35
In base 16, what is -6 - -10?
a
In base 13, what is -301 - 5?
-306
In base 3, what is 12201 - -2?
12210
In base 7, what is 3304 - 0?
3304
In base 9, what is 5 + 133?
138
In base 9, what is 4 + -4615?
-4611
In base 10, what is -167 + 0?
-167
In base 3, what is -12110 + -12?
-12122
In base 9, what is 2 + 2760?
2762
In base 16, what is -5 - 1bf5?
-1bfa
In base 6, what is -10540 + -1?
-10541
In base 4, what is 1221 - -11?
1232
In base 9, what is -1208 + 2?
-1206
In base 16, what is -32 + -16?
-48
In base 8, what is -4 + -1345?
-1351
In base 9, what is 404 - -2?
406
In base 6, what is 31 + -20?
11
In base 5, what is -41 + -22033?
-22124
In base 13, what is -356b + 0?
-356b
In base 11, what is -3 + 45?
42
In base 13, what is 190 - -3?
193
In base 5, what is -20 - -3?
-12
In base 9, what is -171 + 1?
-170
In base 16, what